{"id":46,"date":"2025-05-29T09:12:20","date_gmt":"2025-05-29T07:12:20","guid":{"rendered":"http:\/\/axecibleformalite.com\/?page_id=46"},"modified":"2025-08-20T17:36:47","modified_gmt":"2025-08-20T15:36:47","slug":"acceuil","status":"publish","type":"page","link":"https:\/\/axecibleformalite.com\/index.php\/acceuil\/","title":{"rendered":"ACCUEIL"},"content":{"rendered":"\n<figure class=\"wp-block-image alignright size-full is-resized\"><img alt=\"\" fetchpriority=\"high\" decoding=\"async\" width=\"800\" height=\"800\" src=\"http:\/\/axecibleformalite.com\/wp-content\/uploads\/2025\/08\/1752399490598.jpg\" alt=\"\" class=\"wp-image-274\" style=\"width:268px;height:auto\" srcset=\"https:\/\/axecibleformalite.com\/wp-content\/uploads\/2025\/08\/1752399490598.jpg 800w, https:\/\/axecibleformalite.com\/wp-content\/uploads\/2025\/08\/1752399490598-300x300.jpg 300w, https:\/\/axecibleformalite.com\/wp-content\/uploads\/2025\/08\/1752399490598-150x150.jpg 150w, https:\/\/axecibleformalite.com\/wp-content\/uploads\/2025\/08\/1752399490598-768x768.jpg 768w\" sizes=\"(max-width: 800px) 100vw, 800px\" \/><\/figure>\n\n\n\n<p><\/p>\n\n\n\n<p><\/p>\n\n\n\n<p><\/p>\n\n\n\n<p><\/p>\n\n\n\n<h2 class=\"wp-block-heading\">LE CABINET<\/h2>\n\n\n\n<p>Le cabinet Axe&amp;cible  est un cabinet juridique de nouvelle g\u00e9n\u00e9ration tourn\u00e9 vers l&rsquo;ensemble des probl\u00e9matiques que peuvent rencontrer les entreprises comme les particuliers.<\/p>\n\n\n\n<p>Plus de 15 ans d&rsquo;exp\u00e9rience dans les domaines vari\u00e9s de la cr\u00e9ation d&rsquo;entreprises en France comme en Europe, d&rsquo;activit\u00e9s au sein de directions d&rsquo;entreprises et de services juridiques de ces m\u00eames entreprises ont permis de poser le constat de  ces plusieurs vies d&rsquo;exp\u00e9riences.  Le cabinet Ax&amp;cible s&rsquo;est donc fix\u00e9 comme objectif de vous apporter les meilleurs conseils de la vie de terrain, tant dans diff\u00e9rents domaines professionnels et civils, que dans les domaines juridiques ou il est en capacit\u00e9 d&rsquo;offrir ses services. Ainsi, le cabinet vous r\u00e9pondra plus sp\u00e9cifiquement sur des  probl\u00e9matiques dans les domaines de<\/p>\n\n\n\n<ul class=\"wp-block-list\">\n<li>La vie de l&rsquo;entreprise et ses formalit\u00e9s<\/li>\n\n\n\n<li>La protection du chef d&rsquo;entreprise<\/li>\n\n\n\n<li>La transmission d&rsquo;entreprise<\/li>\n\n\n\n<li>Les aspects fiduciaires<\/li>\n\n\n\n<li>Les petits contentieux*<\/li>\n\n\n\n<li>La LCB-FT<\/li>\n<\/ul>\n\n\n\n<p>Le cabinet intervient aussi pour les personnes qui souhaitent d\u00e9missionner de leur poste et qui ne veulent ni subir les affres de leur hi\u00e9rarchie, ni subir la lourdeur des formalit\u00e9s  (documents, entretiens, etc&#8230;.). Aussi le cabinet Ax&amp;cible intervient \u00e0 votre place et se charge de toute la proc\u00e9dure sans que vous n&rsquo;ayez \u00e0 rencontrer quiconque de l&rsquo;entreprise que vous souhaiter quitter. Venez vous renseigner!<\/p>\n\n\n\n<p>Enfin, le cabinet Ax&amp;cible dispense des formations, en pr\u00e9senciel ou \u00e0 distance. Ces formations sont principalement destin\u00e9es aux chefs d&rsquo;entreprises , dans les domaines de la vie de l&rsquo;entreprise, des besoins du chef d&rsquo;entreprise, mais aussi du volet LCB-FT, qui touche de plus en plus d&rsquo;activit\u00e9s professionnelles. Ce volet qui  apparait souvent comme une charge peu aussi \u00eatre utilis\u00e9 \u00e0 tr\u00e8s bon escient dans l&rsquo;int\u00e9r\u00eat de votre activit\u00e9. Nous sommes pr\u00e9sents \u00e0 vos c\u00f4t\u00e9s pour vous en d\u00e9voiler les astuces et vous guider dans leurs mises en places.<\/p>\n\n\n\n<p>Alors poussez la porte, un sourire vous attend&#8230;<\/p>\n\n\n\n<p>Bienvenu chez AX&amp;CIBLE FORMALITES!<\/p>\n\n\n\n<p><\/p>\n\n\n\n<p><\/p>\n\n\n\n<p><\/p>\n","protected":false},"excerpt":{"rendered":"<p>LE CABINET Le cabinet Axe&amp;cible est un cabinet juridique de nouvelle g\u00e9n\u00e9ration tourn\u00e9 vers l&rsquo;ensemble des probl\u00e9matiques que peuvent rencontrer les entreprises comme les particuliers. Plus de 15 ans d&rsquo;exp\u00e9rience dans les domaines vari\u00e9s de la cr\u00e9ation d&rsquo;entreprises en France comme en Europe, d&rsquo;activit\u00e9s au sein de directions d&rsquo;entreprises et de services juridiques de ces [&hellip;]<\/p>\n","protected":false},"author":1,"featured_media":0,"parent":0,"menu_order":0,"comment_status":"closed","ping_status":"closed","template":"","meta":{"_seopress_robots_primary_cat":"","_seopress_titles_title":"","_seopress_titles_desc":"","_seopress_robots_index":"","footnotes":""},"class_list":["post-46","page","type-page","status-publish","hentry"],"_links":{"self":[{"href":"https:\/\/axecibleformalite.com\/index.php\/wp-json\/wp\/v2\/pages\/46","targetHints":{"allow":["GET"]}}],"collection":[{"href":"https:\/\/axecibleformalite.com\/index.php\/wp-json\/wp\/v2\/pages"}],"about":[{"href":"https:\/\/axecibleformalite.com\/index.php\/wp-json\/wp\/v2\/types\/page"}],"author":[{"embeddable":true,"href":"https:\/\/axecibleformalite.com\/index.php\/wp-json\/wp\/v2\/users\/1"}],"replies":[{"embeddable":true,"href":"https:\/\/axecibleformalite.com\/index.php\/wp-json\/wp\/v2\/comments?post=46"}],"version-history":[{"count":12,"href":"https:\/\/axecibleformalite.com\/index.php\/wp-json\/wp\/v2\/pages\/46\/revisions"}],"predecessor-version":[{"id":345,"href":"https:\/\/axecibleformalite.com\/index.php\/wp-json\/wp\/v2\/pages\/46\/revisions\/345"}],"wp:attachment":[{"href":"https:\/\/axecibleformalite.com\/index.php\/wp-json\/wp\/v2\/media?parent=46"}],"curies":[{"name":"wp","href":"https:\/\/api.w.org\/{rel}","templated":true}]}}