{"id":48,"date":"2025-06-15T18:10:11","date_gmt":"2025-06-15T16:10:11","guid":{"rendered":"http:\/\/axecibleformalite.com\/?page_id=48"},"modified":"2025-08-20T17:44:00","modified_gmt":"2025-08-20T15:44:00","slug":"nos-formations","status":"publish","type":"page","link":"https:\/\/axecibleformalite.com\/index.php\/nos-formations\/","title":{"rendered":"NOS FORMATIONS"},"content":{"rendered":"\n<p class=\"has-large-font-size\">FORMATION  &lsquo; Le chef d&rsquo;entreprise&nbsp; : ses possibilit\u00e9s et ses risques.&rsquo;<\/p>\n\n\n\n<div class=\"wp-block-media-text has-media-on-the-right is-stacked-on-mobile\"><div class=\"wp-block-media-text__content\">\n<p>Etre chef d&rsquo;entreprise, dans la majeur partie des cas,  c&rsquo;est : <\/p>\n\n\n\n<p>Avoir des parts \/ des actions <\/p>\n\n\n\n<p>Les droits et obligations de ces dernieres<\/p>\n\n\n\n<p>Le compte courant d&rsquo;associer, un outil m\u00e9connu pourtant des plus puissants<\/p>\n\n\n\n<p><\/p>\n\n\n\n<p>Les risques du chef d&rsquo;entreprise: Dans ce volet nous abordons les chapitres suivants :<\/p>\n\n\n\n<p><\/p>\n\n\n\n<p>Comment limiter les risques sur le patrimoine propre du chef d&rsquo;entreprise<\/p>\n\n\n\n<p>comment ne pas nantir sa famille \u00e0 la banque<\/p>\n\n\n\n<p><\/p>\n\n\n\n<p>Pour plus de d\u00e9tails sur la formation, contactez nous<\/p>\n<\/div><figure class=\"wp-block-media-text__media\"><img alt=\"\" fetchpriority=\"high\" decoding=\"async\" width=\"700\" height=\"389\" src=\"http:\/\/axecibleformalite.com\/wp-content\/uploads\/2025\/08\/Animer-une-formatoin-Image-presentation.webp\" alt=\"\" class=\"wp-image-259 size-full\" srcset=\"https:\/\/axecibleformalite.com\/wp-content\/uploads\/2025\/08\/Animer-une-formatoin-Image-presentation.webp 700w, https:\/\/axecibleformalite.com\/wp-content\/uploads\/2025\/08\/Animer-une-formatoin-Image-presentation-300x167.webp 300w\" sizes=\"(max-width: 700px) 100vw, 700px\" \/><\/figure><\/div>\n\n\n\n<p>la vision Fran\u00e7aise, la vision Europ\u00e9enne<\/p>\n\n\n\n<p><\/p>\n\n\n\n<p><\/p>\n\n\n\n<p><\/p>\n\n\n\n<p><\/p>\n\n\n\n<p><\/p>\n\n\n\n<p><\/p>\n\n\n\n<p><\/p>\n\n\n\n<p><\/p>\n\n\n\n<p class=\"has-large-font-size\">FORMATION &lsquo;LA LCB-FT ( Anti Laudering Money): comment tirer parti d&rsquo;une obligation l\u00e9gale&rsquo;<\/p>\n\n\n\n<p>Quelles sont les normes du GAFI ?<\/p>\n\n\n\n<p>Les recommandations du&nbsp;<strong>GAFI<\/strong>&nbsp;sont la base sur laquelle tous les pays devraient atteindre l&rsquo;objectif commun de lutte contre le blanchiment de capitaux, et le financement du terrorisme et de la prolif\u00e9ration. Le&nbsp;<strong>GAFI<\/strong>&nbsp;appelle tous les pays \u00e0 mettre en \u0153uvre des mesures efficaces dans leurs syst\u00e8mes nationaux.<\/p>\n\n\n\n<figure class=\"wp-block-image size-large is-resized\"><img alt=\"\" decoding=\"async\" width=\"1024\" height=\"683\" src=\"http:\/\/axecibleformalite.com\/wp-content\/uploads\/2025\/08\/shutterstock_2415755077-1-scaled-2-1024x683.jpg\" alt=\"\" class=\"wp-image-240\" style=\"width:1235px;height:auto\" srcset=\"https:\/\/axecibleformalite.com\/wp-content\/uploads\/2025\/08\/shutterstock_2415755077-1-scaled-2-1024x683.jpg 1024w, https:\/\/axecibleformalite.com\/wp-content\/uploads\/2025\/08\/shutterstock_2415755077-1-scaled-2-300x200.jpg 300w, https:\/\/axecibleformalite.com\/wp-content\/uploads\/2025\/08\/shutterstock_2415755077-1-scaled-2-768x512.jpg 768w, https:\/\/axecibleformalite.com\/wp-content\/uploads\/2025\/08\/shutterstock_2415755077-1-scaled-2-1536x1024.jpg 1536w, https:\/\/axecibleformalite.com\/wp-content\/uploads\/2025\/08\/shutterstock_2415755077-1-scaled-2-2048x1366.jpg 2048w\" sizes=\"(max-width: 1024px) 100vw, 1024px\" \/><\/figure>\n\n\n\n<p> UN PEU D&rsquo;HISTOIRE<\/p>\n\n\n\n<p><\/p>\n\n\n\n<p><\/p>\n\n\n\n<p>Le Groupe d&rsquo;action financi\u00e8re (GAFI) a \u00e9t\u00e9 cr\u00e9\u00e9 en 1989 par le G7 pour examiner et \u00e9laborer des mesures de lutte contre le blanchiment d&rsquo;argent. Il comprenait \u00e0 l&rsquo;origine les pays du G7, la Commission europ\u00e9enne et huit autres pays. Cliquez&nbsp;<a href=\"http:\/\/www.g8.utoronto.ca\/summit\/1989paris\/communique\/index.html\">ici<\/a>&nbsp;pour voir la d\u00e9claration \u00e9conomique du sommet du G7 de juillet 1989.<\/p>\n\n\n\n<p>Le GAFI a \u00e9t\u00e9 charg\u00e9 d&rsquo;examiner les techniques et les tendances du blanchiment de capitaux, de passer en revue les mesures d\u00e9j\u00e0 prises au niveau national ou international et de d\u00e9finir les mesures n\u00e9cessaires pour lutter contre le blanchiment de capitaux.&nbsp; En 2001, le GAFI a \u00e9largi son mandat pour lutter \u00e9galement contre le financement du terrorisme.&nbsp;&nbsp;<\/p>\n\n\n\n<p>Depuis 2019, le GAFI a un mandat \u00e0 dur\u00e9e ind\u00e9termin\u00e9e, alors qu&rsquo;il fonctionnait \u00e0 l&rsquo;origine sur la base de mandats \u00e0 dur\u00e9e d\u00e9termin\u00e9e.<\/p>\n\n\n\n<p><\/p>\n\n\n\n<p><\/p>\n\n\n\n<p><\/p>\n\n\n\n<p><\/p>\n\n\n\n<p><\/p>\n\n\n\n<figure class=\"wp-block-image size-full\"><img alt=\"\" decoding=\"async\" width=\"1000\" height=\"667\" src=\"http:\/\/axecibleformalite.com\/wp-content\/uploads\/2025\/08\/AdobeStock_283812867-ok-web.jpeg\" alt=\"\" class=\"wp-image-243\" srcset=\"https:\/\/axecibleformalite.com\/wp-content\/uploads\/2025\/08\/AdobeStock_283812867-ok-web.jpeg 1000w, https:\/\/axecibleformalite.com\/wp-content\/uploads\/2025\/08\/AdobeStock_283812867-ok-web-300x200.jpeg 300w, https:\/\/axecibleformalite.com\/wp-content\/uploads\/2025\/08\/AdobeStock_283812867-ok-web-768x512.jpeg 768w\" sizes=\"(max-width: 1000px) 100vw, 1000px\" \/><\/figure>\n\n\n\n<h2 class=\"wp-block-heading\">Utilisations l\u00e9gitimes des donn\u00e9es KYC \u00e0 des fins commerciales<\/h2>\n\n\n\n<p><strong>Am\u00e9lioration de l&rsquo;exp\u00e9rience client :<\/strong><\/p>\n\n\n\n<ul class=\"wp-block-list\">\n<li>Personnalisation des services selon le profil de risque<\/li>\n\n\n\n<li>Adaptation des produits aux besoins identifi\u00e9s<\/li>\n\n\n\n<li>Simplification des processus pour les clients r\u00e9currents<\/li>\n<\/ul>\n\n\n\n<p><strong>Optimisation des processus internes :<\/strong><\/p>\n\n\n\n<ul class=\"wp-block-list\">\n<li>Automatisation des v\u00e9rifications pour les profils \u00e0 faible risque<\/li>\n\n\n\n<li>Segmentation client pour des approches commerciales cibl\u00e9es<\/li>\n\n\n\n<li>Am\u00e9lioration des mod\u00e8les de scoring et d&rsquo;\u00e9valuation<\/li>\n<\/ul>\n\n\n\n<p><strong>D\u00e9veloppement de nouveaux services :<\/strong><\/p>\n\n\n\n<ul class=\"wp-block-list\">\n<li>Cr\u00e9ation d&rsquo;offres adapt\u00e9es aux diff\u00e9rents segments<\/li>\n\n\n\n<li>Services de conseil bas\u00e9s sur l&rsquo;analyse des profils<\/li>\n\n\n\n<li>Produits financiers sur mesure<\/li>\n<\/ul>\n\n\n\n<h2 class=\"wp-block-heading\">Contraintes r\u00e9glementaires importantes<\/h2>\n\n\n\n<p>Il faut absolument respecter :<\/p>\n\n\n\n<ul class=\"wp-block-list\">\n<li>Le RGPD en Europe pour la protection des donn\u00e9es<\/li>\n\n\n\n<li>La finalit\u00e9 d\u00e9clar\u00e9e lors de la collecte<\/li>\n\n\n\n<li>Le principe de minimisation des donn\u00e9es<\/li>\n\n\n\n<li>Les droits des personnes (acc\u00e8s, rectification, suppression)<\/li>\n\n\n\n<li>Les obligations de s\u00e9curit\u00e9 et de confidentialit\u00e9<\/li>\n<\/ul>\n\n\n\n<h2 class=\"wp-block-heading\">Bonnes pratiques<\/h2>\n\n\n\n<ul class=\"wp-block-list\">\n<li>Obtenir le consentement explicite pour les usages commerciaux<\/li>\n\n\n\n<li>Documenter clairement les traitements<\/li>\n\n\n\n<li>Mettre en place des mesures de s\u00e9curit\u00e9 appropri\u00e9es<\/li>\n\n\n\n<li>Former les \u00e9quipes aux enjeux de protection des donn\u00e9es<\/li>\n<\/ul>\n\n\n\n<p><\/p>\n\n\n\n<p><\/p>\n\n\n\n<p><\/p>\n","protected":false},"excerpt":{"rendered":"<p>FORMATION &lsquo; Le chef d&rsquo;entreprise&nbsp; : ses possibilit\u00e9s et ses risques.&rsquo; Etre chef d&rsquo;entreprise, dans la majeur partie des cas, c&rsquo;est : Avoir des parts \/ des actions Les droits et obligations de ces dernieres Le compte courant d&rsquo;associer, un outil m\u00e9connu pourtant des plus puissants Les risques du chef d&rsquo;entreprise: Dans ce volet nous [&hellip;]<\/p>\n","protected":false},"author":1,"featured_media":0,"parent":0,"menu_order":0,"comment_status":"closed","ping_status":"closed","template":"","meta":{"_seopress_robots_primary_cat":"","_seopress_titles_title":"","_seopress_titles_desc":"","_seopress_robots_index":"","footnotes":""},"class_list":["post-48","page","type-page","status-publish","hentry"],"_links":{"self":[{"href":"https:\/\/axecibleformalite.com\/index.php\/wp-json\/wp\/v2\/pages\/48","targetHints":{"allow":["GET"]}}],"collection":[{"href":"https:\/\/axecibleformalite.com\/index.php\/wp-json\/wp\/v2\/pages"}],"about":[{"href":"https:\/\/axecibleformalite.com\/index.php\/wp-json\/wp\/v2\/types\/page"}],"author":[{"embeddable":true,"href":"https:\/\/axecibleformalite.com\/index.php\/wp-json\/wp\/v2\/users\/1"}],"replies":[{"embeddable":true,"href":"https:\/\/axecibleformalite.com\/index.php\/wp-json\/wp\/v2\/comments?post=48"}],"version-history":[{"count":12,"href":"https:\/\/axecibleformalite.com\/index.php\/wp-json\/wp\/v2\/pages\/48\/revisions"}],"predecessor-version":[{"id":347,"href":"https:\/\/axecibleformalite.com\/index.php\/wp-json\/wp\/v2\/pages\/48\/revisions\/347"}],"wp:attachment":[{"href":"https:\/\/axecibleformalite.com\/index.php\/wp-json\/wp\/v2\/media?parent=48"}],"curies":[{"name":"wp","href":"https:\/\/api.w.org\/{rel}","templated":true}]}}